{"id":3862,"date":"2025-12-15T10:36:48","date_gmt":"2025-12-15T15:36:48","guid":{"rendered":"https:\/\/redec.upec.edu.ec\/?page_id=3862"},"modified":"2025-12-23T12:04:43","modified_gmt":"2025-12-23T17:04:43","slug":"que-necesito","status":"publish","type":"page","link":"https:\/\/redec.upec.edu.ec\/?page_id=3862","title":{"rendered":"\u00bfQu\u00e9 necesito?"},"content":{"rendered":"\t\t<div data-elementor-type=\"wp-page\" data-elementor-id=\"3862\" class=\"elementor elementor-3862\">\n\t\t\t\t\t\t<section class=\"elementor-section elementor-top-section elementor-element elementor-element-5bcd08c elementor-section-boxed elementor-section-height-default elementor-section-height-default wpr-particle-no wpr-jarallax-no wpr-parallax-no wpr-sticky-section-no\" data-id=\"5bcd08c\" data-element_type=\"section\">\n\t\t\t\t\t\t<div class=\"elementor-container elementor-column-gap-default\">\n\t\t\t\t\t<div class=\"elementor-column elementor-col-100 elementor-top-column elementor-element elementor-element-1977712\" data-id=\"1977712\" data-element_type=\"column\">\n\t\t\t<div class=\"elementor-widget-wrap elementor-element-populated\">\n\t\t\t\t\t\t<div class=\"elementor-element elementor-element-02032e7 elementor-widget elementor-widget-html\" data-id=\"02032e7\" data-element_type=\"widget\" data-widget_type=\"html.default\">\n\t\t\t\t<div class=\"elementor-widget-container\">\n\t\t\t\t\t<style>\r\n    \/* --- ESTILOS DE LA SECCI\u00d3N DE REQUISITOS --- *\/\r\n    .redec-requirements-section {\r\n        font-family: 'Montserrat', sans-serif;\r\n        padding: 60px 20px;\r\n        background-color: #ffffff;\r\n        position: relative;\r\n    }\r\n\r\n    .req-container {\r\n        max-width: 1000px;\r\n        margin: 0 auto;\r\n        display: flex;\r\n        flex-wrap: wrap;\r\n        gap: 50px;\r\n        align-items: center;\r\n    }\r\n\r\n    \/* COLUMNA IZQUIERDA: T\u00cdTULO Y TEXTO *\/\r\n    .req-info {\r\n        flex: 1;\r\n        min-width: 300px;\r\n    }\r\n\r\n    .req-title {\r\n        color: #052a45;\r\n        font-size: 2.2rem;\r\n        font-weight: 800;\r\n        margin-bottom: 20px;\r\n        line-height: 1.2;\r\n    }\r\n\r\n    .req-title span {\r\n        color: #FCC00F;\r\n    }\r\n\r\n    .req-description {\r\n        color: #555;\r\n        font-size: 1rem;\r\n        line-height: 1.6;\r\n        margin-bottom: 30px;\r\n        text-align: justify;\r\n    }\r\n\r\n    \/* BOT\u00d3N DE DESCARGA *\/\r\n    .req-btn {\r\n        display: inline-flex;\r\n        align-items: center;\r\n        gap: 10px;\r\n        background-color: #052a45;\r\n        color: #ffffff;\r\n        padding: 12px 25px;\r\n        border-radius: 5px;\r\n        text-decoration: none;\r\n        font-weight: 600;\r\n        transition: background 0.3s ease;\r\n        margin-right: 10px;\r\n        margin-bottom: 10px;\r\n    }\r\n\r\n    .req-btn:hover {\r\n        background-color: #FCC00F;\r\n        color: #052a45;\r\n    }\r\n\r\n    \/* COLUMNA DERECHA: LA LISTA *\/\r\n    .req-list-box {\r\n        flex: 1.2;\r\n        min-width: 300px;\r\n        background: #f4f6f8;\r\n        padding: 40px;\r\n        border-radius: 15px;\r\n        border-left: 5px solid #FCC00F;\r\n    }\r\n\r\n    .req-item {\r\n        display: flex;\r\n        align-items: flex-start;\r\n        gap: 15px;\r\n        margin-bottom: 25px;\r\n    }\r\n\r\n    .req-item:last-child {\r\n        margin-bottom: 0;\r\n    }\r\n\r\n    .req-check-icon {\r\n        background-color: #052a45;\r\n        color: #fff;\r\n        width: 28px;\r\n        height: 28px;\r\n        border-radius: 50%;\r\n        display: flex;\r\n        align-items: center;\r\n        justify-content: center;\r\n        flex-shrink: 0;\r\n        margin-top: 3px;\r\n    }\r\n\r\n    .req-check-icon svg {\r\n        width: 16px;\r\n        height: 16px;\r\n        stroke: #ffffff;\r\n        stroke-width: 3;\r\n        fill: none;\r\n    }\r\n\r\n    .req-text {\r\n        font-size: 1.05rem;\r\n        color: #333;\r\n        font-weight: 500;\r\n        line-height: 1.5;\r\n    }\r\n    \r\n    .req-text strong {\r\n        color: #052a45;\r\n    }\r\n\r\n    \/* RESPONSIVE *\/\r\n    @media (max-width: 768px) {\r\n        .req-container {\r\n            flex-direction: column;\r\n        }\r\n        .req-list-box {\r\n            padding: 25px;\r\n        }\r\n    }\r\n<\/style>\r\n\r\n<div class=\"redec-requirements-section\">\r\n    <div class=\"req-container\">\r\n        \r\n        <div class=\"req-info\">\r\n            <h2 class=\"req-title\">Requisitos y Proceso de <span>Afiliaci\u00f3n<\/span><\/h2>\r\n            <p class=\"req-description\">\r\n                La REDEC integra a <strong>Miembros Titulares<\/strong> (Instituciones de Educaci\u00f3n Superior y Redes) y <strong>Miembros Asociados<\/strong> (Docentes investigadores y Organizaciones). \r\n                <br><br>\r\n                Para afiliarse, las instituciones deben acreditar su personer\u00eda jur\u00eddica, contar con infraestructura adecuada y demostrar calidad en docencia e investigaci\u00f3n.\r\n            <\/p>\r\n            \r\n            <a href=\"https:\/\/redec.upec.edu.ec\/wp-content\/uploads\/2025\/12\/Miembros-requisitos-y-proceso-de-afiliacion.docx\" class=\"req-btn\">\r\n                <svg width=\"20\" height=\"20\" viewBox=\"0 0 24 24\" fill=\"none\" stroke=\"currentColor\" stroke-width=\"2\"><path d=\"M14 2H6a2 2 0 0 0-2 2v16a2 2 0 0 0 2 2h12a2 2 0 0 0 2-2V8z\"><\/path><polyline points=\"14 2 14 8 20 8\"><\/polyline><line x1=\"16\" y1=\"13\" x2=\"8\" y2=\"13\"><\/line><line x1=\"16\" y1=\"17\" x2=\"8\" y2=\"17\"><\/line><polyline points=\"10 9 9 9 8 9\"><\/polyline><\/svg>\r\n                Detalle de afiliaci\u00f3n\r\n            <\/a>\r\n        <\/div>\r\n\r\n        <div class=\"req-list-box\">\r\n            \r\n            <div class=\"req-item\">\r\n                <div class=\"req-check-icon\">\r\n                    <svg viewBox=\"0 0 24 24\"><polyline points=\"20 6 9 17 4 12\"><\/polyline><\/svg>\r\n                <\/div>\r\n                <div class=\"req-text\">\r\n                    <strong>Solicitud Formal:<\/strong> Carta del Rector o titular dirigida al Presidente de la REDEC solicitando la afiliaci\u00f3n.\r\n                <\/div>\r\n            <\/div>\r\n\r\n            <div class=\"req-item\">\r\n                <div class=\"req-check-icon\">\r\n                    <svg viewBox=\"0 0 24 24\"><polyline points=\"20 6 9 17 4 12\"><\/polyline><\/svg>\r\n                <\/div>\r\n                <div class=\"req-text\">\r\n                    <strong>Acreditaci\u00f3n Legal:<\/strong> Adjuntar documentos que demuestren ser una IES legalmente autorizada en Ecuador o Colombia.\r\n                <\/div>\r\n            <\/div>\r\n\r\n            <div class=\"req-item\">\r\n                <div class=\"req-check-icon\">\r\n                    <svg viewBox=\"0 0 24 24\"><polyline points=\"20 6 9 17 4 12\"><\/polyline><\/svg>\r\n                <\/div>\r\n                <div class=\"req-text\">\r\n                    <strong>Capacidad Acad\u00e9mica:<\/strong> Contar con personal acad\u00e9mico calificado y planes de desarrollo institucional.\r\n                <\/div>\r\n            <\/div>\r\n\r\n            <div class=\"req-item\">\r\n                <div class=\"req-check-icon\">\r\n                    <svg viewBox=\"0 0 24 24\"><polyline points=\"20 6 9 17 4 12\"><\/polyline><\/svg>\r\n                <\/div>\r\n                <div class=\"req-text\">\r\n                    <strong>Representante Corresponsal:<\/strong> Nombrar un delegado para atender las relaciones internacionales con la red.\r\n                <\/div>\r\n            <\/div>\r\n\r\n            <div class=\"req-item\">\r\n                <div class=\"req-check-icon\">\r\n                    <svg viewBox=\"0 0 24 24\"><polyline points=\"20 6 9 17 4 12\"><\/polyline><\/svg>\r\n                <\/div>\r\n                <div class=\"req-text\">\r\n                    <strong>Aprobaci\u00f3n:<\/strong> La incorporaci\u00f3n formal se realiza mediante aprobaci\u00f3n de la Asamblea General o el Comit\u00e9 Ejecutivo.\r\n                <\/div>\r\n            <\/div>\r\n\r\n        <\/div>\r\n\r\n    <\/div>\r\n<\/div>\t\t\t\t<\/div>\n\t\t\t\t<\/div>\n\t\t\t\t\t<\/div>\n\t\t<\/div>\n\t\t\t\t\t<\/div>\n\t\t<\/section>\n\t\t\t\t<\/div>\n\t\t\n    <div class=\"xs_social_share_widget xs_share_url after_content \t\tmain_content  wslu-style-1 wslu-share-box-shaped wslu-fill-colored wslu-none wslu-share-horizontal wslu-theme-font-no wslu-main_content\">\n\n\t\t\n        <ul>\n\t\t\t        <\/ul>\n    <\/div> \n","protected":false},"excerpt":{"rendered":"<p>Requisitos y Proceso de Afiliaci\u00f3n La REDEC integra a Miembros Titulares (Instituciones de Educaci\u00f3n Superior y Redes) y Miembros Asociados (Docentes investigadores y Organizaciones). Para afiliarse, las instituciones deben acreditar su personer\u00eda jur\u00eddica, contar con infraestructura adecuada y demostrar calidad en docencia e investigaci\u00f3n. Detalle de afiliaci\u00f3n Solicitud Formal: Carta del Rector o titular dirigida al Presidente de la REDEC solicitando la afiliaci\u00f3n. Acreditaci\u00f3n Legal: Adjuntar documentos que demuestren ser una IES legalmente autorizada en Ecuador o Colombia. Capacidad Acad\u00e9mica: Contar con personal acad\u00e9mico calificado y planes de desarrollo institucional. Representante Corresponsal: Nombrar un delegado para atender las relaciones internacionales con la red. Aprobaci\u00f3n: La incorporaci\u00f3n formal se realiza mediante aprobaci\u00f3n de la Asamblea General o el Comit\u00e9 Ejecutivo.<\/p>\n","protected":false},"author":4,"featured_media":0,"parent":0,"menu_order":0,"comment_status":"closed","ping_status":"closed","template":"","meta":{"postBodyCss":"","postBodyMargin":[],"postBodyPadding":[],"postBodyBackground":{"backgroundType":"classic","gradient":""},"site-sidebar-layout":"no-sidebar","site-content-layout":"page-builder","ast-site-content-layout":"full-width-container","site-content-style":"default","site-sidebar-style":"default","ast-global-header-display":"","ast-banner-title-visibility":"","ast-main-header-display":"","ast-hfb-above-header-display":"","ast-hfb-below-header-display":"","ast-hfb-mobile-header-display":"","site-post-title":"disabled","ast-breadcrumbs-content":"","ast-featured-img":"disabled","footer-sml-layout":"","theme-transparent-header-meta":"","adv-header-id-meta":"","stick-header-meta":"","header-above-stick-meta":"","header-main-stick-meta":"","header-below-stick-meta":"","astra-migrate-meta-layouts":"set","ast-page-background-enabled":"default","ast-page-background-meta":{"desktop":{"background-color":"","background-image":"","background-repeat":"repeat","background-position":"center center","background-size":"auto","background-attachment":"scroll","background-type":"","background-media":"","overlay-type":"","overlay-color":"","overlay-opacity":"","overlay-gradient":""},"tablet":{"background-color":"","background-image":"","background-repeat":"repeat","background-position":"center center","background-size":"auto","background-attachment":"scroll","background-type":"","background-media":"","overlay-type":"","overlay-color":"","overlay-opacity":"","overlay-gradient":""},"mobile":{"background-color":"","background-image":"","background-repeat":"repeat","background-position":"center center","background-size":"auto","background-attachment":"scroll","background-type":"","background-media":"","overlay-type":"","overlay-color":"","overlay-opacity":"","overlay-gradient":""}},"ast-content-background-meta":{"desktop":{"background-color":"var(--ast-global-color-5)","background-image":"","background-repeat":"repeat","background-position":"center center","background-size":"auto","background-attachment":"scroll","background-type":"","background-media":"","overlay-type":"","overlay-color":"","overlay-opacity":"","overlay-gradient":""},"tablet":{"background-color":"var(--ast-global-color-5)","background-image":"","background-repeat":"repeat","background-position":"center center","background-size":"auto","background-attachment":"scroll","background-type":"","background-media":"","overlay-type":"","overlay-color":"","overlay-opacity":"","overlay-gradient":""},"mobile":{"background-color":"var(--ast-global-color-5)","background-image":"","background-repeat":"repeat","background-position":"center center","background-size":"auto","background-attachment":"scroll","background-type":"","background-media":"","overlay-type":"","overlay-color":"","overlay-opacity":"","overlay-gradient":""}},"footnotes":""},"class_list":["post-3862","page","type-page","status-publish","hentry"],"_links":{"self":[{"href":"https:\/\/redec.upec.edu.ec\/index.php?rest_route=\/wp\/v2\/pages\/3862","targetHints":{"allow":["GET"]}}],"collection":[{"href":"https:\/\/redec.upec.edu.ec\/index.php?rest_route=\/wp\/v2\/pages"}],"about":[{"href":"https:\/\/redec.upec.edu.ec\/index.php?rest_route=\/wp\/v2\/types\/page"}],"author":[{"embeddable":true,"href":"https:\/\/redec.upec.edu.ec\/index.php?rest_route=\/wp\/v2\/users\/4"}],"replies":[{"embeddable":true,"href":"https:\/\/redec.upec.edu.ec\/index.php?rest_route=%2Fwp%2Fv2%2Fcomments&post=3862"}],"version-history":[{"count":13,"href":"https:\/\/redec.upec.edu.ec\/index.php?rest_route=\/wp\/v2\/pages\/3862\/revisions"}],"predecessor-version":[{"id":4477,"href":"https:\/\/redec.upec.edu.ec\/index.php?rest_route=\/wp\/v2\/pages\/3862\/revisions\/4477"}],"wp:attachment":[{"href":"https:\/\/redec.upec.edu.ec\/index.php?rest_route=%2Fwp%2Fv2%2Fmedia&parent=3862"}],"curies":[{"name":"wp","href":"https:\/\/api.w.org\/{rel}","templated":true}]}}